 the prime factors of w?
2, 3, 13
Suppose -2*z - 4*q + 3 + 3 = 0, -q + 19 = 3*z. Let s(y) = y**2 + z - 5 + 7 - 5*y. List the prime factors of s(7).
23
Suppose 43*p + 6*p - 42973 = 0. List the prime factors of p.
877
Let o be 1 - (-15)/(-10)*-2. Let s be (0 - -1)*(5 + -2). Suppose -2*a + 86 = -5*w, a - s*a = o*w - 50. What are the prime factors of a?
3, 11
Let a(k) = 235*k**2 + 3*k - 3. Let y be a(1). Let h be (24/(-30))/((-2)/y). Let f = 131 - h. What are the prime factors of f?
37
Let v be 2*(5/(-2) + 2). List the prime factors of (-1)/v + (-4 - -40).
37
Let c = -2272 - -8485. List the prime factors of c.
3, 19, 109
Let n(h) = 10*h**2 + 2*h + 2. What are the prime factors of n(6)?
2, 11, 17
Let k be (5 + (-205)/2)*-2. Suppose 0 = -202*w + 203*w - k. List the prime factors of w.
3, 5, 13
Let g = 1195 - 653. List the prime factors of g.
2, 271
Suppose 7*w = -7 + 35. Suppose w*a - 72 - 384 = 0. List the prime factors of a.
2, 3, 19
Suppose 5*u = 3 + 2. Let p(z) = -13*z + 3 + 3*z**2 + 7*z**2 - 4 + 15*z. What are the prime factors of p(u)?
11
Suppose 3*x - 373 + 10 = 0. Let z = 191 - x. Suppose 10*q - 5*q - z = 0. List the prime factors of q.
2, 7
Let i(g) = 4*g**2 + 87*g + 1. List the prime factors of i(7).
2, 13, 31
Suppose -u - 4*u = 5*c - 5, -u - 4 = 0. Suppose 3*v - 3*z = 15, 0*z - 2*z - 3 = c*v. What are the prime factors of 18*(4 - 2 - v)?
2, 3
Let a be -42*(-3 - (-3 + 1)). Let r = 6 + -7. What are the prime factors of (a + 0)/(r - -3)?
3, 7
Let l = -903 - -1940. What are the prime factors of l?
17, 61
Suppose -6*m + m + 15 = 0. Suppose 4*p + m*y - 370 = 0, -101 = 3*p - 2*y - 370. What are the prime factors of p?
7, 13
Let x = -326 + 647. Suppose -2*n + x = 3*f, -5*n - 499 = -8*n - f. List the prime factors of n.
2, 3, 7
Let z(h) = h + 1. Let m(x) = -18*x - 7. Let d(v) = -m(v) + 5*z(v). What are the prime factors of d(3)?
3
Suppose 5*g - 1622 = -3*c + 4*c, 10 = -5*c. List the prime factors of g.
2, 3
Let r(z) = -15*z**3 + 11*z**2 - 20*z - 68. What are the prime factors of r(-5)?
2, 1091
Suppose -25 = 2*d - 3*l, d + 6 = -l - 4. Let j = -9 - d. Suppose -j*x + 7*x - 145 = 0. What are the prime factors of x?
29
Let m(q) = 22 - 8*q**3 + q**2 + 2*q**3 - q - 2*q**3 + 7*q**3. Let i(a) = -a + 7. Let l be i(7). List the prime factors of m(l).
2, 11
List the prime factors of (-5)/(-8 + 2877/364).
2, 13
Let a(i) = 3*i**2 - 20*i + 22. List the prime factors of a(15).
397
Let y(x) = 4*x**2 - 5*x + 4. Let u be y(-3). Suppose g - u = 27. What are the prime factors of g?
2, 41
Suppose -l = -5, -2615 = -2*d + 3*l + 2*l. List the prime factors of d.
2, 3, 5, 11
Suppose 3 = -5*j + 6*j. Suppose -10 = -2*w - j*w. Suppose 3*r = 0, 5*i - 53 = -w*r + 17. What are the prime factors of i?
2, 7
Let g(v) = v**2 - 9*v + 85. List the prime factors of g(-15).
5, 89
Let g = 1932 - 707. List the prime factors of g.
5, 7
Suppose -3*a + 5*v - 4*v = -1283, 4*a - 1700 = -4*v. What are the prime factors of a?
7, 61
Suppose -27*p + 60630 = -56658. List the prime factors of p.
2, 3, 181
Suppose 2*t + t - 3 = 0, -3*l + 3*t + 15 = 0. Let f(q) = 3 + 2 + 5*q - l. List the prime factors of f(1).
2
What are the prime factors of (-4 + (-95)/(-20))/(2/536)?
3, 67
Let o(a) = -a**2 + 14*a + 10. Let z be o(11). Suppose -4*t + 4*u + 36 = 0, -3*t - 2*t + z = -4*u. Suppose -3*k + 80 = -t. List the prime factors of k.
29
Suppose 5445 + 383 = 2*f + 5*d, 0 = f - d - 2928. List the prime factors of f.
2, 17, 43
Suppose 2*a = a - 2*v, 0 = 4*a - 3*v - 11. Let j be a - -2 - (-15)/(-5). List the prime factors of j/(-4)*(-2 - 146).
37
Let u = 10 + -14. Let b be (-1400)/(-15) + u/(-6). Let s = b - 63. List the prime factors of s.
31
Let i(a) = -9*a**3 + 9*a**2 - 17*a + 23. Let q(z) = -4*z**3 + 4*z**2 - 8*z + 11. Let f(r) = 3*i(r) - 7*q(r). List the prime factors of f(4).
2, 3, 5
Let j(w) = w**2 - 6*w + 5. Let b be j(5). Suppose b = -0*p + p. Suppose p = -2*f + 6 + 14. What are the prime factors of f?
2, 5
Let u(a) = 35*a**2 - 14*a + 1. List the prime factors of u(-5).
2, 11, 43
Let n = -14 + 18. Suppose n*t - 28 = -l, 3*t - t = 5*l + 14. List the prime factors of t.
7
Suppose 5*i + 3*u - 9366 = 0, -2*i - 770 + 4517 = u. What are the prime factors of i?
3, 5
Let w(j) = j - 3 + 4 - 3 - 2*j. Let r be w(-6). Suppose -r*b - 13 = -v, -v = 4*b - 56 + 11. List the prime factors of v.
29
What are the prime factors of (-2)/7 + (-42928)/(-14)?
2, 3, 7, 73
Let o be (-38)/(-10) - 2/(10*-1). Suppose t + o*y + 10 - 4 = 0, -t - 10 = 5*y. What are the prime factors of t?
2, 5
Let g be (2 - 0) + (5 - 5). Let z(d) = 2 - 1 + 2*d**2 + 3*d**3 - 3 - 2*d. List the prime factors of z(g).
2, 13
Suppose -2*q - 3*q - 5*a + 75 = 0, q = -4*a + 12. Let u be (-8)/q - 69/2. Let f = -20 - u. List the prime factors of f.
3, 5
Let c(o) = o**2 + 22. Let n(q) = 3*q**2 - 4*q + 56 + q**3 - 56. Let r be n(-4). List the prime factors of c(r).
2, 11
Let b be (-1 - -4 - 17)*2/(-4). Suppose -b*g = -4*g - 312. List the prime factors of g.
2, 13
Let h(m) = -6*m - 2. What are the prime factors of h(-32)?
2, 5, 19
Let v(t) = 12*t**2 - 4*t + 67. List the prime factors of v(-13).
19, 113
Suppose k + 18 = 2*v + 3*k, 3*v - 22 = -2*k. Suppose 85 = t + v*t. What are the prime factors of t?
17
Suppose -s = -4*s - 4*g + 25, 3*g + 11 = 2*s. Let x(p) = 3*p + 9. List the prime factors of x(s).
2, 3, 5
Let p(w) = 7*w + 21. List the prime factors of p(20).
7, 23
Let s = -161 + 279. Suppose s - 680 = -4*t + c, -3*c = 6. List the prime factors of t.
2, 5, 7
Let j = 42 - 45. Let m(u) = 4*u**2 - 5*u**2 + 6*u**2 + 1 - 3*u. What are the prime factors of m(j)?
5, 11
Let c(f) = 28*f + 259. List the prime factors of c(34).
7, 173
Suppose 0 = 5*v - 45*v + 26560. List the prime factors of v.
2, 83
Let y(i) = -176*i**3 + 5*i**2 + 24*i + 44. What are the prime factors of y(-3)?
19, 251
Let c(y) = y**3 - 10*y**2 + 11*y - 13. Let z be c(9). Suppose -2*v + 40 = -z*l, 28 = 3*v - v + l. Suppose 5*b - v = -0*b. List the prime factors of b.
3
Let a = 7337 + -5015. What are the prime factors of a?
2, 3, 43
Let c(z) = -14*z + 2. Suppose 0 = -3*q - q - 8. What are the prime factors of c(q)?
2, 3, 5
Suppose -821 = 4*k - 3345. List the prime factors of k.
631
Suppose -3*i + 1476 = -1011. List the prime factors of i.
829
Let w(l) = 2*l + 10. Let c(t) = 1. Suppose 3*s + 9 = g - 2*s, 0 = g - 2*s. Let q(a) = g*c(a) + w(a). List the prime factors of q(4).
2, 3
Suppose 0 = -5*u - 4*x + 2172, -5*u + 0*u + 2166 = 2*x. List the prime factors of u.
2, 3
Suppose -2*s + 249 = v, -3*v + 287 = 2*s - 448. What are the prime factors of v?
3
Suppose -h + 967 = 5*p + 109, 2 = 2*p. What are the prime factors of h?
853
Suppose -6*i - 2297 = -7673. Suppose 9*l = l + i. What are the prime factors of l?
2, 7
Let q(m) = 2*m**3 - 2*m**2 + 4*m + 2. Let h be q(-3). Let t = 54 + h. Let n = 9 - t. List the prime factors of n.
37
Suppose 4621 = 3*v - 1061. What are the prime factors of v?
2, 947
Suppose 3*f = -1250 + 3902. What are the prime factors of f?
2, 13, 17
Let b(n) be the second derivative of -n**5/20 - n**4/12 + n**3/6 - n**2 + 5*n. Let w be b(0). List the prime factors of w/16 - (-706)/16.
2, 11
What are the prime factors of (-1)/(5/10*(-12)/4026)?
11, 61
Let l = -1 + 2. What are the prime factors of l*(-7)/(21/(-162))?
2, 3
What are the prime factors of (671/(-2))/((-21)/(-14) - 2)?
11, 61
Let f(q) = 2*q**3 + 5*q**2 - 9*q + 17. What are the prime factors of f(6)?
5, 23
List the prime factors of (-75275)/(-25) - -8*1.
3019
Suppose 0 = -4*q - 2*c + 462, 0 = -q + 3*c + 38 + 95. List the prime factors of q.
2, 59
Suppose -s + 0*s = 2*o - 19, -5*o = -5*s - 10. Suppose -4*u + o = -1, 0 = 3*p + 5*u - 97. What are the prime factors of p?
29
Suppose k = 3*z - 7, -2*z - 3 = 5*k - 19. Suppose 44 = -l - 5*r, -6*l = -3*l - k*r + 149. Let h = l + 91. List the prime factors of h.
2, 3, 7
Let c = 90 + -190. Let g = c + 231. List the prime factors of g.
131
Let g be (-41)/(-4) - 2/8. Let s(v) = -v**2 + 20*v - 34. Let o be s(17). Let k = o - g. List the prime factors of k.
7
Suppose 5*s - 6*i + i = 935, 2*s = 4*i + 376. What are the prime factors of s?
2, 3, 31
Let b = 1515 - -2282. What are the prime factors of b?
3797
Let j be 4 + 12/(-6) - 6. What are the prime factors of -4 + (-12425)/(-63) + j/18?
193
Suppose 0*w -